{"id":5448,"date":"2022-08-25T13:46:45","date_gmt":"2022-08-25T11:46:45","guid":{"rendered":"https:\/\/www.agv44.org\/site\/?page_id=5448"},"modified":"2022-08-25T13:58:57","modified_gmt":"2022-08-25T11:58:57","slug":"vous-avez-dit-secheresse","status":"publish","type":"page","link":"https:\/\/www.agv44.org\/site\/vous-avez-dit-secheresse\/","title":{"rendered":"Vous avez dit s\u00e9cheresse ?"},"content":{"rendered":"\n<p class=\"has-text-align-center has-text-color has-large-font-size\" style=\"color:#734b10\"><strong>Vous avez dit s\u00e9cheresse ?<\/strong><\/p>\n\n\n\n<p>Voici ce qu&rsquo;on peut lire sur la derni\u00e8re page du registre paroissial de Saint Germain sur Moine en 1719 :<\/p>\n\n\n\n<p>\u00ab&nbsp;Dans cette Ann\u00e9e mil sept cent dix neuf les Chaleurs aiant commenc\u00e9 d\u00e8s la fin d\u2019Avril &amp; aiant toujours continu\u00e9 d\u2019une Mani\u00e8re excessive sans quil soit presque tomb\u00e9 de pluye jusque dans le mois de septembre, la terre est deven\u00fce si seche &amp; si aride que presque tous les puits sont taris, &amp; les fosses &amp; reservoirs des\u00e9ch\u00e9s, de sorte que toutes sortes de B\u00eates allants boire dans ce peu d\u2019eau qui se trouvait par endroits L\u2019ont fait corrompre&nbsp;; ce qui a caus\u00e9 tant de peine que Les Metayers \u00e9loign\u00e9s ont \u00e9t\u00e9 oblig\u00e9s de mener \u00e0 L\u2019\u00e9tang querir de Leau en bariques avec des charettes pour abbreuver Les Bestiaux, aussi bien qu\u2019a La Rivi\u00e8re&nbsp;; mais toutes ces eaux qui etaient en petite quantit\u00e9 en particulier dans ces etangs de la foye ont \u00e9t\u00e9 bientost corromp\u00fces par la grand nombre de bestiaux qui y abondaient, joint \u00e0 cela les Lessives qu\u2019on y Lavait&nbsp;; d\u2019o\u00f9 vient que la dysenterie s\u2019\u00e9tant Mise dans le pays Mesl\u00e9e de pourpre, s\u2019est communiqu\u00e9e si facilement qu\u2019il y a e\u00fc peu de familles qui n\u2019en aye et\u00e9 afflig\u00e9es &amp; dont la plus part ne soient morts&nbsp;; car comme on ne traitait que pour la dissenterie et point du tout malheurement pour le pourpre, peu de malades en sont revenu . chose triste &amp; pitoyable \u00e0 entendre &amp; encore plus \u00e0 voir&nbsp;; car outre que personne ne voulait soulager les Malades, c\u2019est que personne ne se trouvait pour porter les Corps les uns de ch\u00e9z les autres, et cela \u00e0 dur\u00e9 depuis la fin de juillet aoust, septembre, octobre, d\u2019une mani\u00e8re surprenantes, &amp; ensuite s\u2019est appais\u00e9 doucement jusqu\u2019\u00e0 la fin de L\u2019ann\u00e9e, que ces Maladies par la Grace de dieu ont finy, il est ays\u00e9 de voir par l\u00e0 qu\u2019on a \u00e9t\u00e9 oblig\u00e9 d\u2019aiouter du papier \u00e0 ce livre de registre, puisqu\u2019il est tant mort de personne que L\u2019on enterrait jusqu\u2019\u00e0 cinq &amp; six par jour &amp; L\u2019on peut dire \u00e0 La Louange de Monsieur le Jeune Recteur &amp; de Monsieur Thibaud vicaire que leur z\u00eale s\u2019est fait eclater d\u2019une mani\u00e8re toute particuliere \u00e0 visiter tous ces malades jour et nuit sans cesse \u00e0 administres les sacrements, &amp; Leur charit\u00e9 \u00e0 Les soulager &amp; \u00e0 Leurs subvenir dans Leur necessit\u00e9.&nbsp;\u00bb<\/p>\n\n\n\n<p>Il y eut cette ann\u00e9e-l\u00e0 120 enterrements !<\/p>\n\n\n\n<p>Texte d\u00e9nich\u00e9 par Monique M\u00e9tayer.<\/p>\n\n\n\n<p><\/p>\n","protected":false},"excerpt":{"rendered":"<p>Vous avez dit s\u00e9cheresse ? Voici ce qu&rsquo;on peut lire sur la derni\u00e8re page du registre paroissial de Saint Germain sur Moine en 1719 : \u00ab&nbsp;Dans cette Ann\u00e9e mil sept cent dix neuf les Chaleurs aiant commenc\u00e9 d\u00e8s la fin d\u2019Avril &amp; aiant toujours continu\u00e9 d\u2019une Mani\u00e8re excessive sans quil soit presque tomb\u00e9 de pluye [&hellip;]<\/p>\n","protected":false},"author":86,"featured_media":0,"parent":0,"menu_order":0,"comment_status":"closed","ping_status":"closed","template":"","meta":{"footnotes":""},"class_list":["post-5448","page","type-page","status-publish","hentry","post-preview"],"yoast_head":"<!-- This site is optimized with the Yoast SEO plugin v24.4 - https:\/\/yoast.com\/wordpress\/plugins\/seo\/ -->\n<title>Vous avez dit s\u00e9cheresse ?<\/title>\n<meta name=\"description\" content=\"Vous avez dit s\u00e9cheresse ? Voici ce qu&#039;on peut lire sur la derni\u00e8re page du registre paroissial de Saint Germain sur Moine en 1719 : \u00ab&nbsp;Dans cette\" \/>\n<meta name=\"robots\" content=\"index, follow, max-snippet:-1, max-image-preview:large, max-video-preview:-1\" \/>\n<link rel=\"canonical\" href=\"https:\/\/www.agv44.org\/site\/vous-avez-dit-secheresse\/\" \/>\n<meta property=\"og:locale\" content=\"fr_FR\" \/>\n<meta property=\"og:type\" content=\"article\" \/>\n<meta property=\"og:title\" content=\"Vous avez dit s\u00e9cheresse ?\" \/>\n<meta property=\"og:description\" content=\"Vous avez dit s\u00e9cheresse ? Voici ce qu&#039;on peut lire sur la derni\u00e8re page du registre paroissial de Saint Germain sur Moine en 1719 : \u00ab&nbsp;Dans cette\" \/>\n<meta property=\"og:url\" content=\"https:\/\/www.agv44.org\/site\/vous-avez-dit-secheresse\/\" \/>\n<meta property=\"article:modified_time\" content=\"2022-08-25T11:58:57+00:00\" \/>\n<meta name=\"twitter:card\" content=\"summary_large_image\" \/>\n<meta name=\"twitter:label1\" content=\"Dur\u00e9e de lecture estim\u00e9e\" \/>\n\t<meta name=\"twitter:data1\" content=\"2 minutes\" \/>\n<script type=\"application\/ld+json\" class=\"yoast-schema-graph\">{\"@context\":\"https:\/\/schema.org\",\"@graph\":[{\"@type\":\"WebPage\",\"@id\":\"https:\/\/www.agv44.org\/site\/vous-avez-dit-secheresse\/\",\"url\":\"https:\/\/www.agv44.org\/site\/vous-avez-dit-secheresse\/\",\"name\":\"Vous avez dit s\u00e9cheresse ?\",\"isPartOf\":{\"@id\":\"https:\/\/www.agv44.org\/site\/#website\"},\"datePublished\":\"2022-08-25T11:46:45+00:00\",\"dateModified\":\"2022-08-25T11:58:57+00:00\",\"description\":\"Vous avez dit s\u00e9cheresse ? Voici ce qu'on peut lire sur la derni\u00e8re page du registre paroissial de Saint Germain sur Moine en 1719 : \u00ab&nbsp;Dans cette\",\"breadcrumb\":{\"@id\":\"https:\/\/www.agv44.org\/site\/vous-avez-dit-secheresse\/#breadcrumb\"},\"inLanguage\":\"fr-FR\",\"potentialAction\":[{\"@type\":\"ReadAction\",\"target\":[\"https:\/\/www.agv44.org\/site\/vous-avez-dit-secheresse\/\"]}]},{\"@type\":\"BreadcrumbList\",\"@id\":\"https:\/\/www.agv44.org\/site\/vous-avez-dit-secheresse\/#breadcrumb\",\"itemListElement\":[{\"@type\":\"ListItem\",\"position\":1,\"name\":\"Accueil\",\"item\":\"https:\/\/www.agv44.org\/site\/\"},{\"@type\":\"ListItem\",\"position\":2,\"name\":\"Vous avez dit s\u00e9cheresse ?\"}]},{\"@type\":\"WebSite\",\"@id\":\"https:\/\/www.agv44.org\/site\/#website\",\"url\":\"https:\/\/www.agv44.org\/site\/\",\"name\":\"\",\"description\":\"\",\"publisher\":{\"@id\":\"https:\/\/www.agv44.org\/site\/#organization\"},\"potentialAction\":[{\"@type\":\"SearchAction\",\"target\":{\"@type\":\"EntryPoint\",\"urlTemplate\":\"https:\/\/www.agv44.org\/site\/?s={search_term_string}\"},\"query-input\":{\"@type\":\"PropertyValueSpecification\",\"valueRequired\":true,\"valueName\":\"search_term_string\"}}],\"inLanguage\":\"fr-FR\"},{\"@type\":\"Organization\",\"@id\":\"https:\/\/www.agv44.org\/site\/#organization\",\"name\":\"Association G\u00e9n\u00e9alogique Vertavienne\",\"url\":\"https:\/\/www.agv44.org\/site\/\",\"logo\":{\"@type\":\"ImageObject\",\"inLanguage\":\"fr-FR\",\"@id\":\"https:\/\/www.agv44.org\/site\/#\/schema\/logo\/image\/\",\"url\":\"https:\/\/www.agv44.org\/site\/wp-content\/uploads\/2020\/04\/logoagv300.png\",\"contentUrl\":\"https:\/\/www.agv44.org\/site\/wp-content\/uploads\/2020\/04\/logoagv300.png\",\"width\":300,\"height\":271,\"caption\":\"Association G\u00e9n\u00e9alogique Vertavienne\"},\"image\":{\"@id\":\"https:\/\/www.agv44.org\/site\/#\/schema\/logo\/image\/\"}}]}<\/script>\n<!-- \/ Yoast SEO plugin. -->","yoast_head_json":{"title":"Vous avez dit s\u00e9cheresse ?","description":"Vous avez dit s\u00e9cheresse ? Voici ce qu'on peut lire sur la derni\u00e8re page du registre paroissial de Saint Germain sur Moine en 1719 : \u00ab&nbsp;Dans cette","robots":{"index":"index","follow":"follow","max-snippet":"max-snippet:-1","max-image-preview":"max-image-preview:large","max-video-preview":"max-video-preview:-1"},"canonical":"https:\/\/www.agv44.org\/site\/vous-avez-dit-secheresse\/","og_locale":"fr_FR","og_type":"article","og_title":"Vous avez dit s\u00e9cheresse ?","og_description":"Vous avez dit s\u00e9cheresse ? Voici ce qu'on peut lire sur la derni\u00e8re page du registre paroissial de Saint Germain sur Moine en 1719 : \u00ab&nbsp;Dans cette","og_url":"https:\/\/www.agv44.org\/site\/vous-avez-dit-secheresse\/","article_modified_time":"2022-08-25T11:58:57+00:00","twitter_card":"summary_large_image","twitter_misc":{"Dur\u00e9e de lecture estim\u00e9e":"2 minutes"},"schema":{"@context":"https:\/\/schema.org","@graph":[{"@type":"WebPage","@id":"https:\/\/www.agv44.org\/site\/vous-avez-dit-secheresse\/","url":"https:\/\/www.agv44.org\/site\/vous-avez-dit-secheresse\/","name":"Vous avez dit s\u00e9cheresse ?","isPartOf":{"@id":"https:\/\/www.agv44.org\/site\/#website"},"datePublished":"2022-08-25T11:46:45+00:00","dateModified":"2022-08-25T11:58:57+00:00","description":"Vous avez dit s\u00e9cheresse ? Voici ce qu'on peut lire sur la derni\u00e8re page du registre paroissial de Saint Germain sur Moine en 1719 : \u00ab&nbsp;Dans cette","breadcrumb":{"@id":"https:\/\/www.agv44.org\/site\/vous-avez-dit-secheresse\/#breadcrumb"},"inLanguage":"fr-FR","potentialAction":[{"@type":"ReadAction","target":["https:\/\/www.agv44.org\/site\/vous-avez-dit-secheresse\/"]}]},{"@type":"BreadcrumbList","@id":"https:\/\/www.agv44.org\/site\/vous-avez-dit-secheresse\/#breadcrumb","itemListElement":[{"@type":"ListItem","position":1,"name":"Accueil","item":"https:\/\/www.agv44.org\/site\/"},{"@type":"ListItem","position":2,"name":"Vous avez dit s\u00e9cheresse ?"}]},{"@type":"WebSite","@id":"https:\/\/www.agv44.org\/site\/#website","url":"https:\/\/www.agv44.org\/site\/","name":"","description":"","publisher":{"@id":"https:\/\/www.agv44.org\/site\/#organization"},"potentialAction":[{"@type":"SearchAction","target":{"@type":"EntryPoint","urlTemplate":"https:\/\/www.agv44.org\/site\/?s={search_term_string}"},"query-input":{"@type":"PropertyValueSpecification","valueRequired":true,"valueName":"search_term_string"}}],"inLanguage":"fr-FR"},{"@type":"Organization","@id":"https:\/\/www.agv44.org\/site\/#organization","name":"Association G\u00e9n\u00e9alogique Vertavienne","url":"https:\/\/www.agv44.org\/site\/","logo":{"@type":"ImageObject","inLanguage":"fr-FR","@id":"https:\/\/www.agv44.org\/site\/#\/schema\/logo\/image\/","url":"https:\/\/www.agv44.org\/site\/wp-content\/uploads\/2020\/04\/logoagv300.png","contentUrl":"https:\/\/www.agv44.org\/site\/wp-content\/uploads\/2020\/04\/logoagv300.png","width":300,"height":271,"caption":"Association G\u00e9n\u00e9alogique Vertavienne"},"image":{"@id":"https:\/\/www.agv44.org\/site\/#\/schema\/logo\/image\/"}}]}},"_links":{"self":[{"href":"https:\/\/www.agv44.org\/site\/wp-json\/wp\/v2\/pages\/5448","targetHints":{"allow":["GET"]}}],"collection":[{"href":"https:\/\/www.agv44.org\/site\/wp-json\/wp\/v2\/pages"}],"about":[{"href":"https:\/\/www.agv44.org\/site\/wp-json\/wp\/v2\/types\/page"}],"author":[{"embeddable":true,"href":"https:\/\/www.agv44.org\/site\/wp-json\/wp\/v2\/users\/86"}],"replies":[{"embeddable":true,"href":"https:\/\/www.agv44.org\/site\/wp-json\/wp\/v2\/comments?post=5448"}],"version-history":[{"count":3,"href":"https:\/\/www.agv44.org\/site\/wp-json\/wp\/v2\/pages\/5448\/revisions"}],"predecessor-version":[{"id":5458,"href":"https:\/\/www.agv44.org\/site\/wp-json\/wp\/v2\/pages\/5448\/revisions\/5458"}],"wp:attachment":[{"href":"https:\/\/www.agv44.org\/site\/wp-json\/wp\/v2\/media?parent=5448"}],"curies":[{"name":"wp","href":"https:\/\/api.w.org\/{rel}","templated":true}]}}

Vous avez dit sécheresse ?

<p class="has-text-align-center has-text-color has-large-font-size" style="color:#734b10"><strong>Vous avez dit sécheresse ?</strong></p>



<p>Voici ce qu&rsquo;on peut lire sur la dernière page du registre paroissial de Saint Germain sur Moine en 1719 :</p>



<p>«&nbsp;Dans cette Année mil sept cent dix neuf les Chaleurs aiant commencé dès la fin d’Avril &amp; aiant toujours continué d’une Manière excessive sans quil soit presque tombé de pluye jusque dans le mois de septembre, la terre est devenüe si seche &amp; si aride que presque tous les puits sont taris, &amp; les fosses &amp; reservoirs deséchés, de sorte que toutes sortes de Bêtes allants boire dans ce peu d’eau qui se trouvait par endroits L’ont fait corrompre&nbsp;; ce qui a causé tant de peine que Les Metayers éloignés ont été obligés de mener à L’étang querir de Leau en bariques avec des charettes pour abbreuver Les Bestiaux, aussi bien qu’a La Rivière&nbsp;; mais toutes ces eaux qui etaient en petite quantité en particulier dans ces etangs de la foye ont été bientost corrompües par la grand nombre de bestiaux qui y abondaient, joint à cela les Lessives qu’on y Lavait&nbsp;; d’où vient que la dysenterie s’étant Mise dans le pays Meslée de pourpre, s’est communiquée si facilement qu’il y a eü peu de familles qui n’en aye eté affligées &amp; dont la plus part ne soient morts&nbsp;; car comme on ne traitait que pour la dissenterie et point du tout malheurement pour le pourpre, peu de malades en sont revenu . chose triste &amp; pitoyable à entendre &amp; encore plus à voir&nbsp;; car outre que personne ne voulait soulager les Malades, c’est que personne ne se trouvait pour porter les Corps les uns de chéz les autres, et cela à duré depuis la fin de juillet aoust, septembre, octobre, d’une manière surprenantes, &amp; ensuite s’est appaisé doucement jusqu’à la fin de L’année, que ces Maladies par la Grace de dieu ont finy, il est aysé de voir par là qu’on a été obligé d’aiouter du papier à ce livre de registre, puisqu’il est tant mort de personne que L’on enterrait jusqu’à cinq &amp; six par jour &amp; L’on peut dire à La Louange de Monsieur le Jeune Recteur &amp; de Monsieur Thibaud vicaire que leur zêle s’est fait eclater d’une manière toute particuliere à visiter tous ces malades jour et nuit sans cesse à administres les sacrements, &amp; Leur charité à Les soulager &amp; à Leurs subvenir dans Leur necessité.&nbsp;»</p>



<p>Il y eut cette année-là 120 enterrements !</p>



<p>Texte déniché par Monique Métayer.</p>



<p></p>

<p>Vous avez dit sécheresse ? Voici ce qu&rsquo;on peut lire sur la dernière page du registre paroissial de Saint Germain sur Moine en 1719 : «&nbsp;Dans cette Année mil sept cent dix neuf les Chaleurs aiant commencé dès la fin d’Avril &amp; aiant toujours continué d’une Manière excessive sans quil soit presque tombé de pluye [&hellip;]</p>

<!-- This site is optimized with the Yoast SEO plugin v24.4 - https://yoast.com/wordpress/plugins/seo/ -->
<title>Vous avez dit sécheresse ?</title>
<meta name="description" content="Vous avez dit sécheresse ? Voici ce qu&#039;on peut lire sur la dernière page du registre paroissial de Saint Germain sur Moine en 1719 : «&nbsp;Dans cette" />
<meta name="robots" content="index, follow, max-snippet:-1, max-image-preview:large, max-video-preview:-1" />
<link rel="canonical" href="https://www.agv44.org/site/vous-avez-dit-secheresse/" />
<meta property="og:locale" content="fr_FR" />
<meta property="og:type" content="article" />
<meta property="og:title" content="Vous avez dit sécheresse ?" />
<meta property="og:description" content="Vous avez dit sécheresse ? Voici ce qu&#039;on peut lire sur la dernière page du registre paroissial de Saint Germain sur Moine en 1719 : «&nbsp;Dans cette" />
<meta property="og:url" content="https://www.agv44.org/site/vous-avez-dit-secheresse/" />
<meta property="article:modified_time" content="2022-08-25T11:58:57+00:00" />
<meta name="twitter:card" content="summary_large_image" />
<meta name="twitter:label1" content="Durée de lecture estimée" />
	<meta name="twitter:data1" content="2 minutes" />
<script type="application/ld+json" class="yoast-schema-graph">{"@context":"https://schema.org","@graph":[{"@type":"WebPage","@id":"https://www.agv44.org/site/vous-avez-dit-secheresse/","url":"https://www.agv44.org/site/vous-avez-dit-secheresse/","name":"Vous avez dit sécheresse ?","isPartOf":{"@id":"https://www.agv44.org/site/#website"},"datePublished":"2022-08-25T11:46:45+00:00","dateModified":"2022-08-25T11:58:57+00:00","description":"Vous avez dit sécheresse ? Voici ce qu'on peut lire sur la dernière page du registre paroissial de Saint Germain sur Moine en 1719 : «&nbsp;Dans cette","breadcrumb":{"@id":"https://www.agv44.org/site/vous-avez-dit-secheresse/#breadcrumb"},"inLanguage":"fr-FR","potentialAction":[{"@type":"ReadAction","target":["https://www.agv44.org/site/vous-avez-dit-secheresse/"]}]},{"@type":"BreadcrumbList","@id":"https://www.agv44.org/site/vous-avez-dit-secheresse/#breadcrumb","itemListElement":[{"@type":"ListItem","position":1,"name":"Accueil","item":"https://www.agv44.org/site/"},{"@type":"ListItem","position":2,"name":"Vous avez dit sécheresse ?"}]},{"@type":"WebSite","@id":"https://www.agv44.org/site/#website","url":"https://www.agv44.org/site/","name":"","description":"","publisher":{"@id":"https://www.agv44.org/site/#organization"},"potentialAction":[{"@type":"SearchAction","target":{"@type":"EntryPoint","urlTemplate":"https://www.agv44.org/site/?s={search_term_string}"},"query-input":{"@type":"PropertyValueSpecification","valueRequired":true,"valueName":"search_term_string"}}],"inLanguage":"fr-FR"},{"@type":"Organization","@id":"https://www.agv44.org/site/#organization","name":"Association Généalogique Vertavienne","url":"https://www.agv44.org/site/","logo":{"@type":"ImageObject","inLanguage":"fr-FR","@id":"https://www.agv44.org/site/#/schema/logo/image/","url":"https://www.agv44.org/site/wp-content/uploads/2020/04/logoagv300.png","contentUrl":"https://www.agv44.org/site/wp-content/uploads/2020/04/logoagv300.png","width":300,"height":271,"caption":"Association Généalogique Vertavienne"},"image":{"@id":"https://www.agv44.org/site/#/schema/logo/image/"}}]}</script>
<!-- / Yoast SEO plugin. -->

Vous avez dit sécheresse ? Voici ce qu'on peut lire sur la dernière page du registre paroissial de Saint Germain sur Moine en 1719 : «&nbsp;Dans cette

Association Généalogique Vertavienne
