{"id":4330,"date":"2020-10-30T17:25:56","date_gmt":"2020-10-30T16:25:56","guid":{"rendered":"https:\/\/www.agv44.org\/site\/?page_id=4330"},"modified":"2020-10-31T12:24:50","modified_gmt":"2020-10-31T11:24:50","slug":"monique-metayer","status":"publish","type":"page","link":"https:\/\/www.agv44.org\/site\/monique-metayer\/","title":{"rendered":"monique metayer"},"content":{"rendered":"\n<p class=\"has-text-align-center has-text-color\" style=\"font-size:30px;color:#7600a3\"><strong>Un grand-p\u00e8re qui sort de l&rsquo;ombre&#8230;<\/strong><\/p>\n\n\n\n<p>-Raconte-nous ta fameuse d\u00e9couverte.<\/p>\n\n\n\n<p>&#8211;\u00ab\u00a0Lors de la premi\u00e8re exposition de photos de mariage, pr\u00e9par\u00e9e par Eric FRIOT \u00e0 Basse-Goulaine, j\u2019ai eu l\u2019agr\u00e9able surprise de voir, sur l\u2019une d\u2019elles, les visages de mes grands-parents maternels. Je n\u2019oublierai jamais le plaisir de cette d\u00e9couverte. Je me suis tourn\u00e9e vers Eric pour lui demander s\u2019il \u00e9tait possible d\u2019en avoir une copie. Sur sa r\u00e9ponse affirmative, je lui ai command\u00e9 ce clich\u00e9, ensuite, je me suis empress\u00e9e de la faire d\u00e9couvrir \u00e0 maman, ainsi qu\u2019\u00e0 mon fr\u00e8re et mes s\u0153urs. Quel bonheur nous avons eu de voir grand-p\u00e8re et grand-m\u00e8re disparus depuis quelques temps d\u00e9j\u00e0.<br>D\u2019autre part, lors des expos suivantes, j\u2019ai eu la joie de voir papa et maman, \u00e0 diff\u00e9rents \u00e2ges, et ce, bien avant leur mariage.\u00a0\u00bb<\/p>\n\n\n\n<div class=\"wp-block-image\"><figure class=\"aligncenter size-large is-resized\"><img loading=\"lazy\" decoding=\"async\" src=\"https:\/\/www.agv44.org\/site\/wp-content\/uploads\/2020\/10\/A75pw-1024x717.jpg\" alt=\"\" class=\"wp-image-4331\" width=\"461\" height=\"323\" srcset=\"https:\/\/www.agv44.org\/site\/wp-content\/uploads\/2020\/10\/A75pw-1024x717.jpg 1024w, https:\/\/www.agv44.org\/site\/wp-content\/uploads\/2020\/10\/A75pw-300x210.jpg 300w, https:\/\/www.agv44.org\/site\/wp-content\/uploads\/2020\/10\/A75pw-768x538.jpg 768w, https:\/\/www.agv44.org\/site\/wp-content\/uploads\/2020\/10\/A75pw-676x473.jpg 676w, https:\/\/www.agv44.org\/site\/wp-content\/uploads\/2020\/10\/A75pw.jpg 1205w\" sizes=\"auto, (max-width: 461px) 100vw, 461px\" \/><\/figure><\/div>\n\n\n\n<p>-Mais comment cela est-il arriv\u00e9 ?<\/p>\n\n\n\n<p>&#8211;Si mes souvenirs sont bons, j&rsquo;\u00e9tais all\u00e9e aider Eric \u00e0 installer l&rsquo;expo\u200csition et lorsque toutes les photos ont \u00e9t\u00e9 install\u00e9es j&rsquo;ai fait un petit tour pour voir et l\u00e0, stup\u00e9faite, j&rsquo;ai vu mes grands-parents (A75). Ensuite j&rsquo;ai regard\u00e9 sur les listes cat\u00e9gories qui avait donn\u00e9 le clich\u00e9, c&rsquo;\u00e9tait la fille d&rsquo;un ami de grand-p\u00e8re de Basse-Goulaine.<\/p>\n\n\n\n<p>Monique M\u00e9tayer.<\/p>\n\n\n\n<p class=\"has-text-align-center has-text-color\" style=\"color:#a31b00\"> Une photo partag\u00e9e peut apporter bien du bonheur !!<\/p>\n","protected":false},"excerpt":{"rendered":"<p>Un grand-p\u00e8re qui sort de l&rsquo;ombre&#8230; -Raconte-nous ta fameuse d\u00e9couverte. &#8211;\u00ab\u00a0Lors de la premi\u00e8re exposition de photos de mariage, pr\u00e9par\u00e9e par Eric FRIOT \u00e0 Basse-Goulaine, j\u2019ai eu l\u2019agr\u00e9able surprise de voir, sur l\u2019une d\u2019elles, les visages de mes grands-parents maternels. Je n\u2019oublierai jamais le plaisir de cette d\u00e9couverte. Je me suis tourn\u00e9e vers Eric pour [&hellip;]<\/p>\n","protected":false},"author":86,"featured_media":0,"parent":0,"menu_order":0,"comment_status":"closed","ping_status":"closed","template":"","meta":{"footnotes":""},"class_list":["post-4330","page","type-page","status-publish","hentry","post-preview"],"yoast_head":"<!-- This site is optimized with the Yoast SEO plugin v24.4 - https:\/\/yoast.com\/wordpress\/plugins\/seo\/ -->\n<title>monique metayer<\/title>\n<meta name=\"description\" content=\"Un grand-p\u00e8re qui sort de l&#039;ombre... -Raconte-nous ta fameuse d\u00e9couverte. --&quot;Lors de la premi\u00e8re exposition de photos de mariage, pr\u00e9par\u00e9e par Eric FRIOT\" \/>\n<meta name=\"robots\" content=\"index, follow, max-snippet:-1, max-image-preview:large, max-video-preview:-1\" \/>\n<link rel=\"canonical\" href=\"https:\/\/www.agv44.org\/site\/monique-metayer\/\" \/>\n<meta property=\"og:locale\" content=\"fr_FR\" \/>\n<meta property=\"og:type\" content=\"article\" \/>\n<meta property=\"og:title\" content=\"monique metayer\" \/>\n<meta property=\"og:description\" content=\"Un grand-p\u00e8re qui sort de l&#039;ombre... -Raconte-nous ta fameuse d\u00e9couverte. --&quot;Lors de la premi\u00e8re exposition de photos de mariage, pr\u00e9par\u00e9e par Eric FRIOT\" \/>\n<meta property=\"og:url\" content=\"https:\/\/www.agv44.org\/site\/monique-metayer\/\" \/>\n<meta property=\"article:modified_time\" content=\"2020-10-31T11:24:50+00:00\" \/>\n<meta property=\"og:image\" content=\"https:\/\/www.agv44.org\/site\/wp-content\/uploads\/2020\/10\/A75pw-1024x717.jpg\" \/>\n<meta name=\"twitter:card\" content=\"summary_large_image\" \/>\n<meta name=\"twitter:label1\" content=\"Dur\u00e9e de lecture estim\u00e9e\" \/>\n\t<meta name=\"twitter:data1\" content=\"1 minute\" \/>\n<script type=\"application\/ld+json\" class=\"yoast-schema-graph\">{\"@context\":\"https:\/\/schema.org\",\"@graph\":[{\"@type\":\"WebPage\",\"@id\":\"https:\/\/www.agv44.org\/site\/monique-metayer\/\",\"url\":\"https:\/\/www.agv44.org\/site\/monique-metayer\/\",\"name\":\"monique metayer\",\"isPartOf\":{\"@id\":\"https:\/\/www.agv44.org\/site\/#website\"},\"primaryImageOfPage\":{\"@id\":\"https:\/\/www.agv44.org\/site\/monique-metayer\/#primaryimage\"},\"image\":{\"@id\":\"https:\/\/www.agv44.org\/site\/monique-metayer\/#primaryimage\"},\"thumbnailUrl\":\"https:\/\/www.agv44.org\/site\/wp-content\/uploads\/2020\/10\/A75pw-1024x717.jpg\",\"datePublished\":\"2020-10-30T16:25:56+00:00\",\"dateModified\":\"2020-10-31T11:24:50+00:00\",\"description\":\"Un grand-p\u00e8re qui sort de l'ombre... -Raconte-nous ta fameuse d\u00e9couverte. --\\\"Lors de la premi\u00e8re exposition de photos de mariage, pr\u00e9par\u00e9e par Eric FRIOT\",\"breadcrumb\":{\"@id\":\"https:\/\/www.agv44.org\/site\/monique-metayer\/#breadcrumb\"},\"inLanguage\":\"fr-FR\",\"potentialAction\":[{\"@type\":\"ReadAction\",\"target\":[\"https:\/\/www.agv44.org\/site\/monique-metayer\/\"]}]},{\"@type\":\"ImageObject\",\"inLanguage\":\"fr-FR\",\"@id\":\"https:\/\/www.agv44.org\/site\/monique-metayer\/#primaryimage\",\"url\":\"https:\/\/www.agv44.org\/site\/wp-content\/uploads\/2020\/10\/A75pw.jpg\",\"contentUrl\":\"https:\/\/www.agv44.org\/site\/wp-content\/uploads\/2020\/10\/A75pw.jpg\",\"width\":1205,\"height\":844},{\"@type\":\"BreadcrumbList\",\"@id\":\"https:\/\/www.agv44.org\/site\/monique-metayer\/#breadcrumb\",\"itemListElement\":[{\"@type\":\"ListItem\",\"position\":1,\"name\":\"Accueil\",\"item\":\"https:\/\/www.agv44.org\/site\/\"},{\"@type\":\"ListItem\",\"position\":2,\"name\":\"monique metayer\"}]},{\"@type\":\"WebSite\",\"@id\":\"https:\/\/www.agv44.org\/site\/#website\",\"url\":\"https:\/\/www.agv44.org\/site\/\",\"name\":\"\",\"description\":\"\",\"publisher\":{\"@id\":\"https:\/\/www.agv44.org\/site\/#organization\"},\"potentialAction\":[{\"@type\":\"SearchAction\",\"target\":{\"@type\":\"EntryPoint\",\"urlTemplate\":\"https:\/\/www.agv44.org\/site\/?s={search_term_string}\"},\"query-input\":{\"@type\":\"PropertyValueSpecification\",\"valueRequired\":true,\"valueName\":\"search_term_string\"}}],\"inLanguage\":\"fr-FR\"},{\"@type\":\"Organization\",\"@id\":\"https:\/\/www.agv44.org\/site\/#organization\",\"name\":\"Association G\u00e9n\u00e9alogique Vertavienne\",\"url\":\"https:\/\/www.agv44.org\/site\/\",\"logo\":{\"@type\":\"ImageObject\",\"inLanguage\":\"fr-FR\",\"@id\":\"https:\/\/www.agv44.org\/site\/#\/schema\/logo\/image\/\",\"url\":\"https:\/\/www.agv44.org\/site\/wp-content\/uploads\/2020\/04\/logoagv300.png\",\"contentUrl\":\"https:\/\/www.agv44.org\/site\/wp-content\/uploads\/2020\/04\/logoagv300.png\",\"width\":300,\"height\":271,\"caption\":\"Association G\u00e9n\u00e9alogique Vertavienne\"},\"image\":{\"@id\":\"https:\/\/www.agv44.org\/site\/#\/schema\/logo\/image\/\"}}]}<\/script>\n<!-- \/ Yoast SEO plugin. -->","yoast_head_json":{"title":"monique metayer","description":"Un grand-p\u00e8re qui sort de l'ombre... -Raconte-nous ta fameuse d\u00e9couverte. --\"Lors de la premi\u00e8re exposition de photos de mariage, pr\u00e9par\u00e9e par Eric FRIOT","robots":{"index":"index","follow":"follow","max-snippet":"max-snippet:-1","max-image-preview":"max-image-preview:large","max-video-preview":"max-video-preview:-1"},"canonical":"https:\/\/www.agv44.org\/site\/monique-metayer\/","og_locale":"fr_FR","og_type":"article","og_title":"monique metayer","og_description":"Un grand-p\u00e8re qui sort de l'ombre... -Raconte-nous ta fameuse d\u00e9couverte. --\"Lors de la premi\u00e8re exposition de photos de mariage, pr\u00e9par\u00e9e par Eric FRIOT","og_url":"https:\/\/www.agv44.org\/site\/monique-metayer\/","article_modified_time":"2020-10-31T11:24:50+00:00","og_image":[{"url":"https:\/\/www.agv44.org\/site\/wp-content\/uploads\/2020\/10\/A75pw-1024x717.jpg","type":"","width":"","height":""}],"twitter_card":"summary_large_image","twitter_misc":{"Dur\u00e9e de lecture estim\u00e9e":"1 minute"},"schema":{"@context":"https:\/\/schema.org","@graph":[{"@type":"WebPage","@id":"https:\/\/www.agv44.org\/site\/monique-metayer\/","url":"https:\/\/www.agv44.org\/site\/monique-metayer\/","name":"monique metayer","isPartOf":{"@id":"https:\/\/www.agv44.org\/site\/#website"},"primaryImageOfPage":{"@id":"https:\/\/www.agv44.org\/site\/monique-metayer\/#primaryimage"},"image":{"@id":"https:\/\/www.agv44.org\/site\/monique-metayer\/#primaryimage"},"thumbnailUrl":"https:\/\/www.agv44.org\/site\/wp-content\/uploads\/2020\/10\/A75pw-1024x717.jpg","datePublished":"2020-10-30T16:25:56+00:00","dateModified":"2020-10-31T11:24:50+00:00","description":"Un grand-p\u00e8re qui sort de l'ombre... -Raconte-nous ta fameuse d\u00e9couverte. --\"Lors de la premi\u00e8re exposition de photos de mariage, pr\u00e9par\u00e9e par Eric FRIOT","breadcrumb":{"@id":"https:\/\/www.agv44.org\/site\/monique-metayer\/#breadcrumb"},"inLanguage":"fr-FR","potentialAction":[{"@type":"ReadAction","target":["https:\/\/www.agv44.org\/site\/monique-metayer\/"]}]},{"@type":"ImageObject","inLanguage":"fr-FR","@id":"https:\/\/www.agv44.org\/site\/monique-metayer\/#primaryimage","url":"https:\/\/www.agv44.org\/site\/wp-content\/uploads\/2020\/10\/A75pw.jpg","contentUrl":"https:\/\/www.agv44.org\/site\/wp-content\/uploads\/2020\/10\/A75pw.jpg","width":1205,"height":844},{"@type":"BreadcrumbList","@id":"https:\/\/www.agv44.org\/site\/monique-metayer\/#breadcrumb","itemListElement":[{"@type":"ListItem","position":1,"name":"Accueil","item":"https:\/\/www.agv44.org\/site\/"},{"@type":"ListItem","position":2,"name":"monique metayer"}]},{"@type":"WebSite","@id":"https:\/\/www.agv44.org\/site\/#website","url":"https:\/\/www.agv44.org\/site\/","name":"","description":"","publisher":{"@id":"https:\/\/www.agv44.org\/site\/#organization"},"potentialAction":[{"@type":"SearchAction","target":{"@type":"EntryPoint","urlTemplate":"https:\/\/www.agv44.org\/site\/?s={search_term_string}"},"query-input":{"@type":"PropertyValueSpecification","valueRequired":true,"valueName":"search_term_string"}}],"inLanguage":"fr-FR"},{"@type":"Organization","@id":"https:\/\/www.agv44.org\/site\/#organization","name":"Association G\u00e9n\u00e9alogique Vertavienne","url":"https:\/\/www.agv44.org\/site\/","logo":{"@type":"ImageObject","inLanguage":"fr-FR","@id":"https:\/\/www.agv44.org\/site\/#\/schema\/logo\/image\/","url":"https:\/\/www.agv44.org\/site\/wp-content\/uploads\/2020\/04\/logoagv300.png","contentUrl":"https:\/\/www.agv44.org\/site\/wp-content\/uploads\/2020\/04\/logoagv300.png","width":300,"height":271,"caption":"Association G\u00e9n\u00e9alogique Vertavienne"},"image":{"@id":"https:\/\/www.agv44.org\/site\/#\/schema\/logo\/image\/"}}]}},"_links":{"self":[{"href":"https:\/\/www.agv44.org\/site\/wp-json\/wp\/v2\/pages\/4330","targetHints":{"allow":["GET"]}}],"collection":[{"href":"https:\/\/www.agv44.org\/site\/wp-json\/wp\/v2\/pages"}],"about":[{"href":"https:\/\/www.agv44.org\/site\/wp-json\/wp\/v2\/types\/page"}],"author":[{"embeddable":true,"href":"https:\/\/www.agv44.org\/site\/wp-json\/wp\/v2\/users\/86"}],"replies":[{"embeddable":true,"href":"https:\/\/www.agv44.org\/site\/wp-json\/wp\/v2\/comments?post=4330"}],"version-history":[{"count":5,"href":"https:\/\/www.agv44.org\/site\/wp-json\/wp\/v2\/pages\/4330\/revisions"}],"predecessor-version":[{"id":4369,"href":"https:\/\/www.agv44.org\/site\/wp-json\/wp\/v2\/pages\/4330\/revisions\/4369"}],"wp:attachment":[{"href":"https:\/\/www.agv44.org\/site\/wp-json\/wp\/v2\/media?parent=4330"}],"curies":[{"name":"wp","href":"https:\/\/api.w.org\/{rel}","templated":true}]}}