{"id":3784,"date":"2020-05-08T13:49:39","date_gmt":"2020-05-08T11:49:39","guid":{"rendered":"https:\/\/www.agv44.org\/site\/?page_id=3784"},"modified":"2024-11-05T13:44:02","modified_gmt":"2024-11-05T12:44:02","slug":"pbconnexion","status":"publish","type":"page","link":"https:\/\/www.agv44.org\/site\/pbconnexion\/","title":{"rendered":"pbconnexion"},"content":{"rendered":"\n<p>  Pour vous connecter en tant qu&rsquo;adh\u00e9rent nous vous avons transmis votre identifiant et votre mot de passe.<\/p>\n\n\n\n<p>  Si vous avez un probl\u00e8me de connexion demandez une aide aupr\u00e8s de, <\/p>\n\n\n\n<p>Mich\u00e8le Thibaudeau(thibaudeau_gm@yahoo.fr)<\/p>\n\n\n\n<p>  ou <\/p>\n\n\n\n<p>J-Y Gr\u00e9goire (jean-yves.gregoire@laposte.net) .<\/p>\n\n\n\n<p><\/p>\n\n\n\n<p><\/p>\n\n\n\n<p><\/p>\n","protected":false},"excerpt":{"rendered":"<p>Pour vous connecter en tant qu&rsquo;adh\u00e9rent nous vous avons transmis votre identifiant et votre mot de passe. Si vous avez un probl\u00e8me de connexion demandez une aide aupr\u00e8s de, Mich\u00e8le Thibaudeau(thibaudeau_gm@yahoo.fr) ou J-Y Gr\u00e9goire (jean-yves.gregoire@laposte.net) .<\/p>\n","protected":false},"author":86,"featured_media":0,"parent":0,"menu_order":0,"comment_status":"closed","ping_status":"closed","template":"","meta":{"footnotes":""},"class_list":["post-3784","page","type-page","status-publish","hentry","post-preview"],"yoast_head":"<!-- This site is optimized with the Yoast SEO plugin v24.4 - https:\/\/yoast.com\/wordpress\/plugins\/seo\/ -->\n<title>pbconnexion<\/title>\n<meta name=\"description\" content=\"Pour vous connecter en tant qu&#039;adh\u00e9rent nous vous avons transmis votre identifiant et votre mot de passe. Si vous avez un probl\u00e8me de connexion demandez\" \/>\n<meta name=\"robots\" content=\"index, follow, max-snippet:-1, max-image-preview:large, max-video-preview:-1\" \/>\n<link rel=\"canonical\" href=\"https:\/\/www.agv44.org\/site\/pbconnexion\/\" \/>\n<meta property=\"og:locale\" content=\"fr_FR\" \/>\n<meta property=\"og:type\" content=\"article\" \/>\n<meta property=\"og:title\" content=\"pbconnexion\" \/>\n<meta property=\"og:description\" content=\"Pour vous connecter en tant qu&#039;adh\u00e9rent nous vous avons transmis votre identifiant et votre mot de passe. Si vous avez un probl\u00e8me de connexion demandez\" \/>\n<meta property=\"og:url\" content=\"https:\/\/www.agv44.org\/site\/pbconnexion\/\" \/>\n<meta property=\"article:modified_time\" content=\"2024-11-05T12:44:02+00:00\" \/>\n<meta name=\"twitter:card\" content=\"summary_large_image\" \/>\n<script type=\"application\/ld+json\" class=\"yoast-schema-graph\">{\"@context\":\"https:\/\/schema.org\",\"@graph\":[{\"@type\":\"WebPage\",\"@id\":\"https:\/\/www.agv44.org\/site\/pbconnexion\/\",\"url\":\"https:\/\/www.agv44.org\/site\/pbconnexion\/\",\"name\":\"pbconnexion\",\"isPartOf\":{\"@id\":\"https:\/\/www.agv44.org\/site\/#website\"},\"datePublished\":\"2020-05-08T11:49:39+00:00\",\"dateModified\":\"2024-11-05T12:44:02+00:00\",\"description\":\"Pour vous connecter en tant qu'adh\u00e9rent nous vous avons transmis votre identifiant et votre mot de passe. Si vous avez un probl\u00e8me de connexion demandez\",\"breadcrumb\":{\"@id\":\"https:\/\/www.agv44.org\/site\/pbconnexion\/#breadcrumb\"},\"inLanguage\":\"fr-FR\",\"potentialAction\":[{\"@type\":\"ReadAction\",\"target\":[\"https:\/\/www.agv44.org\/site\/pbconnexion\/\"]}]},{\"@type\":\"BreadcrumbList\",\"@id\":\"https:\/\/www.agv44.org\/site\/pbconnexion\/#breadcrumb\",\"itemListElement\":[{\"@type\":\"ListItem\",\"position\":1,\"name\":\"Accueil\",\"item\":\"https:\/\/www.agv44.org\/site\/\"},{\"@type\":\"ListItem\",\"position\":2,\"name\":\"pbconnexion\"}]},{\"@type\":\"WebSite\",\"@id\":\"https:\/\/www.agv44.org\/site\/#website\",\"url\":\"https:\/\/www.agv44.org\/site\/\",\"name\":\"\",\"description\":\"\",\"publisher\":{\"@id\":\"https:\/\/www.agv44.org\/site\/#organization\"},\"potentialAction\":[{\"@type\":\"SearchAction\",\"target\":{\"@type\":\"EntryPoint\",\"urlTemplate\":\"https:\/\/www.agv44.org\/site\/?s={search_term_string}\"},\"query-input\":{\"@type\":\"PropertyValueSpecification\",\"valueRequired\":true,\"valueName\":\"search_term_string\"}}],\"inLanguage\":\"fr-FR\"},{\"@type\":\"Organization\",\"@id\":\"https:\/\/www.agv44.org\/site\/#organization\",\"name\":\"Association G\u00e9n\u00e9alogique Vertavienne\",\"url\":\"https:\/\/www.agv44.org\/site\/\",\"logo\":{\"@type\":\"ImageObject\",\"inLanguage\":\"fr-FR\",\"@id\":\"https:\/\/www.agv44.org\/site\/#\/schema\/logo\/image\/\",\"url\":\"https:\/\/www.agv44.org\/site\/wp-content\/uploads\/2020\/04\/logoagv300.png\",\"contentUrl\":\"https:\/\/www.agv44.org\/site\/wp-content\/uploads\/2020\/04\/logoagv300.png\",\"width\":300,\"height\":271,\"caption\":\"Association G\u00e9n\u00e9alogique Vertavienne\"},\"image\":{\"@id\":\"https:\/\/www.agv44.org\/site\/#\/schema\/logo\/image\/\"}}]}<\/script>\n<!-- \/ Yoast SEO plugin. -->","yoast_head_json":{"title":"pbconnexion","description":"Pour vous connecter en tant qu'adh\u00e9rent nous vous avons transmis votre identifiant et votre mot de passe. Si vous avez un probl\u00e8me de connexion demandez","robots":{"index":"index","follow":"follow","max-snippet":"max-snippet:-1","max-image-preview":"max-image-preview:large","max-video-preview":"max-video-preview:-1"},"canonical":"https:\/\/www.agv44.org\/site\/pbconnexion\/","og_locale":"fr_FR","og_type":"article","og_title":"pbconnexion","og_description":"Pour vous connecter en tant qu'adh\u00e9rent nous vous avons transmis votre identifiant et votre mot de passe. Si vous avez un probl\u00e8me de connexion demandez","og_url":"https:\/\/www.agv44.org\/site\/pbconnexion\/","article_modified_time":"2024-11-05T12:44:02+00:00","twitter_card":"summary_large_image","schema":{"@context":"https:\/\/schema.org","@graph":[{"@type":"WebPage","@id":"https:\/\/www.agv44.org\/site\/pbconnexion\/","url":"https:\/\/www.agv44.org\/site\/pbconnexion\/","name":"pbconnexion","isPartOf":{"@id":"https:\/\/www.agv44.org\/site\/#website"},"datePublished":"2020-05-08T11:49:39+00:00","dateModified":"2024-11-05T12:44:02+00:00","description":"Pour vous connecter en tant qu'adh\u00e9rent nous vous avons transmis votre identifiant et votre mot de passe. Si vous avez un probl\u00e8me de connexion demandez","breadcrumb":{"@id":"https:\/\/www.agv44.org\/site\/pbconnexion\/#breadcrumb"},"inLanguage":"fr-FR","potentialAction":[{"@type":"ReadAction","target":["https:\/\/www.agv44.org\/site\/pbconnexion\/"]}]},{"@type":"BreadcrumbList","@id":"https:\/\/www.agv44.org\/site\/pbconnexion\/#breadcrumb","itemListElement":[{"@type":"ListItem","position":1,"name":"Accueil","item":"https:\/\/www.agv44.org\/site\/"},{"@type":"ListItem","position":2,"name":"pbconnexion"}]},{"@type":"WebSite","@id":"https:\/\/www.agv44.org\/site\/#website","url":"https:\/\/www.agv44.org\/site\/","name":"","description":"","publisher":{"@id":"https:\/\/www.agv44.org\/site\/#organization"},"potentialAction":[{"@type":"SearchAction","target":{"@type":"EntryPoint","urlTemplate":"https:\/\/www.agv44.org\/site\/?s={search_term_string}"},"query-input":{"@type":"PropertyValueSpecification","valueRequired":true,"valueName":"search_term_string"}}],"inLanguage":"fr-FR"},{"@type":"Organization","@id":"https:\/\/www.agv44.org\/site\/#organization","name":"Association G\u00e9n\u00e9alogique Vertavienne","url":"https:\/\/www.agv44.org\/site\/","logo":{"@type":"ImageObject","inLanguage":"fr-FR","@id":"https:\/\/www.agv44.org\/site\/#\/schema\/logo\/image\/","url":"https:\/\/www.agv44.org\/site\/wp-content\/uploads\/2020\/04\/logoagv300.png","contentUrl":"https:\/\/www.agv44.org\/site\/wp-content\/uploads\/2020\/04\/logoagv300.png","width":300,"height":271,"caption":"Association G\u00e9n\u00e9alogique Vertavienne"},"image":{"@id":"https:\/\/www.agv44.org\/site\/#\/schema\/logo\/image\/"}}]}},"_links":{"self":[{"href":"https:\/\/www.agv44.org\/site\/wp-json\/wp\/v2\/pages\/3784","targetHints":{"allow":["GET"]}}],"collection":[{"href":"https:\/\/www.agv44.org\/site\/wp-json\/wp\/v2\/pages"}],"about":[{"href":"https:\/\/www.agv44.org\/site\/wp-json\/wp\/v2\/types\/page"}],"author":[{"embeddable":true,"href":"https:\/\/www.agv44.org\/site\/wp-json\/wp\/v2\/users\/86"}],"replies":[{"embeddable":true,"href":"https:\/\/www.agv44.org\/site\/wp-json\/wp\/v2\/comments?post=3784"}],"version-history":[{"count":4,"href":"https:\/\/www.agv44.org\/site\/wp-json\/wp\/v2\/pages\/3784\/revisions"}],"predecessor-version":[{"id":6981,"href":"https:\/\/www.agv44.org\/site\/wp-json\/wp\/v2\/pages\/3784\/revisions\/6981"}],"wp:attachment":[{"href":"https:\/\/www.agv44.org\/site\/wp-json\/wp\/v2\/media?parent=3784"}],"curies":[{"name":"wp","href":"https:\/\/api.w.org\/{rel}","templated":true}]}}